+ s**4/3 + s**3/2 - 39*s**2. Calculate d(7).
10
Suppose -1 = 2*i + 7. Let m(j) = 21*j + 5. Let q(p) = -30*p - 7. Let k(r) = -3*m(r) - 2*q(r). Give k(i).
11
Let q(c) = -c**3 + 2*c**2 - 3*c - 1. Let y be (16/(-32))/(((-5)/(-6))/(-5)). Give q(y).
-19
Let s(i) be the first derivative of i**2/2 + 6*i - 185. Calculate s(2).
8
Suppose 6*o - 806 = o - g, 3*g = -4*o + 636. Let f(q) = -9*q + 10*q - o + 160. Calculate f(6).
4
Let b(r) be the second derivative of 1/20*r**5 + 0 + 1/3*r**4 - r + 1/3*r**3 + r**2. Let g be -8 + 1 + (-4)/(-1). Give b(g).
5
Let l be (2 - 1)/((-10)/(-230)). Let g = l - 19. Suppose g*n = -5 + 37. Let r(d) = d**2 - 9*d + 10. Give r(n).
2
Let l(t) = -2 - 17*t**2 - 12*t**2 + 0 + t + 34*t**2 - t**3. What is l(4)?
18
Suppose 8*t = 2*t + 18. Let z(n) = -1 - 1 + 4*n**3 + 0*n**t - 3*n**3 - 4*n**2. Calculate z(4).
-2
Let k be (1/(-1))/((-2)/(-14)). Let r(x) = -4*x**2 + 3*x**2 + 17*x - 10 + 4*x - 49*x + 19*x. What is r(k)?
4
Let t = 4349 - 4345. Let m(r) be the third derivative of r**5/60 - r**4/8 + r**3/2 + r**2. Calculate m(t).
7
Suppose 0 = -7*g - 4 - 59. Let r(s) = -3*s - 12. Determine r(g).
15
Suppose -609 = 5*f - 4*i, -2*i - 3*i - 520 = 4*f. Let n = 130 + f. Let r(g) = g**3 - 4*g**2 - 7*g + 3. Determine r(n).
-7
Let r(y) = 16*y**3 + 8*y**2 - 11*y. Let s(z) = -7*z**3 - 4*z**2 + 5*z. Let g(v) = -4*r(v) - 9*s(v). Determine g(3).
6
Suppose y - 20 = 5*m, 25 + 2 = 3*y - 4*m. Let p be (4/(-6))/((-2)/6). Let i(b) = 7 + p*b - 4*b - b. What is i(y)?
-8
Let x be (2/2)/(6*(-3)/(-630)). Suppose 7*i + x = -7. Let h(c) = c**3 + 7*c**2 + 8*c + 9. Determine h(i).
-3
Let x(r) = 6 + 4*r**2 + 2*r**2 - 5*r**2 + 6*r. Let u(m) be the first derivative of 2*m**3/3 + 19*m**2/2 + 20*m - 2. Let s be u(-8). Calculate x(s).
-2
Suppose -5*u + 24 = 4. Let k(p) = 2 - 4 + 0*p - p - u. Calculate k(5).
-11
Let q(s) be the second derivative of s**3/3 - 2*s**2 + 319*s. Calculate q(0).
-4
Let u be 45/(-12) + 3 - 3437/(-28). Let i = 125 - u. Let v(w) be the first derivative of w**3/3 - 3*w**2/2 - 2*w - 1. What is v(i)?
-2
Let c(w) = 5*w + 2. Suppose 2*n = 18*n - 16. Calculate c(n).
7
Let q(w) be the first derivative of w**3/3 - w**2/2 + w - 15. Suppose z = i + 6, -i = 2 - 1. Suppose 4*b - 17 = -3*m, -17 = -z*m - 0*b - b. Determine q(m).
7
Let c = -112 - -107. Let j(m) = -3*m - 5. Let o(a) be the first derivative of -a**2 - 3*a - 4. Let s(y) = 5*j(y) - 7*o(y). Calculate s(c).
1
Let l(u) = -5*u**3 - u**2 + 1. Suppose -b + 8 = 3*y - 2*b, -2*y + 3*b = -17. What is l(y)?
-5
Let z(l) be the first derivative of -4*l + 1/4*l**4 - l**2 + 4/3*l**3 + 10. Calculate z(-4).
4
Suppose -2*h = -7*h - 4*d + 95, -5*h - 2*d = -105. Let m(c) = 2*c - 38. Calculate m(h).
8
Let z = 1 + -6. Let s(p) be the second derivative of p**5/20 + 5*p**4/12 + p**3/6 + p**2 - 23*p + 2. What is s(z)?
-3
Let b(s) = -72*s**2 - 2. Let i be b(-1). Let p = 76 + i. Let w(z) = -5*z. Determine w(p).
-10
Suppose 139*n - 148*n = 0. Let d(m) = -m**3 + 2*m**2 + m + 21. Determine d(n).
21
Let c(t) = -t**3 + 6*t**2 - 13*t - 18. Let w(a) = 2*a**3 - 6*a**2 + 13*a + 18. Let h(j) = 3*c(j) + 2*w(j). Give h(-8).
-42
Let h be 4/(-8) - (-5)/2. Let a(m) be the first derivative of 5*m + m**h - 5 + 4*m - 4*m - 1. Determine a(-4).
-3
Let g(w) = w**3 - w**2 - w - 9. Let j = -15 + 25. Let n(y) = -y**3 + 11*y**2 - 9*y - 8. Let i be n(j). Let a be (0/i)/(8 - 5). Give g(a).
-9
Let k = -39 + 43. Suppose -c = k, -q + c = 2*c + 9. Let x(u) = 4*u + 7. What is x(q)?
-13
Let f(g) = -g**3 - 5*g**2 - 3*g + 2. Suppose 0 = 3*t + 2*t - 10, 38 = -5*d - t. Let x be 12/8*(-22)/3. Let p = x - d. Calculate f(p).
-7
Suppose -20 = -5*n, -n - 21 = 5*q + 5. Let x(k) = -2*k**2 - 8*k - 2. Calculate x(q).
-26
Let p = 1262 - 1259. Let a(c) = 1 - 3*c**3 + 3 + 2*c**3 - 5*c + 5*c**2. Determine a(p).
7
Let t(w) = -2*w**2 + 46*w - 45. Let y be t(22). Let p(u) = 8*u**2 + 2*u + 3. What is p(y)?
9
Let c(n) = n**2 - 7*n + 3. Let t be (-3 - 5/(-5))/((-2)/(-27)). Let j = t - -31. Determine c(j).
-9
Let w(d) = -d + 1. Let n(s) = s**3 + 2*s**2 + 5*s - 8. Let r(i) = -n(i) - 5*w(i). What is r(-3)?
12
Suppose 4*d = 3*d - 3*m - 7, 5*d = 3*m + 19. Let w(y) = -5 + 3*y + 0*y**3 + 8*y**d + y**3 - 13*y**2. Give w(5).
10
Let a(d) = d**3 + 2*d + 8. Let g be a(0). Let b(p) = -6*p - 1. What is b(g)?
-49
Let z = 9 - 11. Let v = -3 + z. Let a(t) = t**3 + 5*t**2 - 2. Give a(v).
-2
Let c(g) = -g**2 + 15*g - 4 - 16*g - 8*g. Let i(u) = -u**2. Let q be i(-3). Calculate c(q).
-4
Let t(o) = 24*o - 4. Let i(h) = -17*h + 3. Let b(w) = -7*i(w) - 5*t(w). Determine b(-6).
5
Let s be (-28)/((-3)/(-6)*-4). Suppose 2*p + 5*k - s = 0, 5 = -5*k + 15. Let d(h) = h - p*h - 1 - h + 0. Determine d(-1).
1
Let f be (-4)/(-6) + 96/18. Suppose 0 = -5*w + f*w - 2. Let d(v) be the third derivative of -v**6/60 + v**5/20 - v**4/12 + v**3/2 - 6*v**2. Give d(w).
-5
Suppose -4*q - 3 = -63. Suppose -k - 9 = 3*j, 5*k + 6*j - j = -q. Let m(t) = -t**3 - t**2 - t - 7. Give m(k).
-7
Let l(v) = -2*v + 5. Suppose -29 = -5*w + 21. Let q be 45/w*(-12)/(-9). What is l(q)?
-7
Let d(a) = a + 4. Let m = -2 + 29. Suppose -4*i + 2*i = 5*q + m, q + 8 = -3*i. Give d(q).
-1
Let v(w) = -w + 9. Let t be v(7). Suppose -10 = -4*r - t. Let b(c) = -14*c**r - 6*c**2 + 17*c**2. Give b(-1).
-3
Let j be 84/9 + (-1)/3 + 0. Let i(b) = b - b**2 - 4*b - j*b - 3 + 9*b. Determine i(-2).
-1
Let j(i) be the third derivative of 1/24*i**4 + 0*i + 17*i**2 - 2/3*i**3 + 0. Give j(-4).
-8
Let x(d) = -d + 7. Suppose -4*f + 36 = 3*q - 5*q, 2*q + 2*f = -66. Let i be ((-14)/q)/(1/10). What is x(i)?
2
Suppose -4*r + 2*r + 3*o = -6, -5*o + 56 = 4*r. Let a(u) = -4*u + 42. Let n be a(r). Let t(c) = -c**3 + 6*c**2 + 3. What is t(n)?
3
Let g(x) = 2*x**3 + 25*x**2 + 32*x - 25. Let h(y) = y**3 + 13*y**2 + 17*y - 13. Let u(z) = -6*g(z) + 11*h(z). Determine u(-6).
1
Let n(z) = -z**2 - 3*z + 5. Suppose 0 = -5*b + g + 18, -b + 0*b = g - 6. Give n(b).
-23
Let z be (-76)/(-18) - 4/18. Let q(d) = -4*d**3 + 4*d**2 + 10*d + 0 + 1 + 3*d**3 - 22*d + 13*d. Determine q(z).
5
Let c(r) = 3*r - 22. Let t(x) = -2*x**2 - 15*x - 18. Let z be t(-5). Give c(z).
-1
Let d(g) = g**2 + 21*g - 152. Let p be d(6). Let q(t) = -2*t + 10. What is q(p)?
-10
Let p(k) = 6*k**2 - 60*k + 2. Let m be p(10). Let g(u) = -24 + 50 - 30 - m*u. Calculate g(4).
-12
Let y(x) be the first derivative of x**4/4 + 5*x**3/3 - 7*x**2/2 - 2*x + 13662. Suppose 5*t = -5, -t - 21 = 3*k + 2*t. Give y(k).
4
Let c(t) = t + 7. Let f(u) = u + 4. Let q(m) = -4*c(m) + 7*f(m). Suppose 3*r = 2*w - 11, -r = -w + 2*r + 13. Determine q(w).
-6
Let c(m) = -2*m**3 + 67*m**2 - 35*m + 60. Let v be c(33). Let z(r) = -2*r + 2. Give z(v).
14
Let i(f) be the third derivative of f**6/720 + 13*f**4/8 + 40*f**2. Let p(h) be the second derivative of i(h). What is p(-2)?
-2
Let g(w) = 11*w - 4*w + 3*w - 12 - 9*w. Determine g(0).
-12
Let x(l) be the second derivative of -l**5/20 - l**4/2 - l**3/6 - 6*l**2 + l - 96. Determine x(-6).
-6
Suppose 143*t - 176*t + 116*t = 249. Suppose -y + 2*y = 3. Let v(w) = -4 + w - 2 + y. Determine v(t).
0
Let h(u) be the third derivative of u**5/60 - 7*u**4/24 + 7*u**3/6 + 132*u**2. What is h(3)?
-5
Let v(x) = -5*x + 5. Let b(a) = a**2 + 12*a + 4. Let k be b(-12). Give v(k).
-15
Let y(u) = u - 11. Let a(o) = 5*o - 53. Let n(j) = 2*a(j) - 11*y(j). Determine n(-10).
25
Suppose -3*x + 4*s - 14 = 0, 5*x + 2*s - 5 = -11. Let o(q) = 6 - 3 + 5*q - 4*q. Give o(x).
1
Suppose 20 = 5*u, 5*j - 2*u + 3*u = 34. Let q(b) be the first derivative of b**3/3 - 7*b**2/2 - 7*b + 1. Determine q(j).
-13
Suppose -3*c + 23 = 4*g + 38, 0 = 2*g + 4*c. Let p(t) be the first derivative of 3*t**2/2 - t + 2. What is p(g)?
-19
Suppose -q - 1 = v, 0 = 4*q - q + 5*v + 5. Let x(l) = -l**2 + 5*l - 4. Let j be x(3). Let u(s) = -j - 2*s + q*s - s. What is u(-2)?
4
Let z be ((-3)/8)/((-15)/120). Let s(o) = -o**3 - o**2 + 5*o - 4. Calculate s(z).
-25
Let m(v) be the second derivative of -v**4/6 + v**3/6 + v**2/2 + 89*v. Give m(-2).
-9
Suppose 5*x + k = 1, 2*x + 3*k = -7 - 3. Let i(z) = 4*z - 2*z - 4*z + 7*z + x. Determine i(1).
6
Let w(z) = -15*z**3 + 5*z**2 - 3*z - 26. Let j(m) = -5*m**3 + 2*m**2 - m - 10. Let s(v) = 8*j(v) - 3*w(v). Determine s(1).
5
Let w(d) = -2*d - 1. Let y = 65 + -58. Let c(o) = -o**2 + 2*o + 37. Let t be c(y). Give w(t).
-5
Let h(d) = 